remainder when 5451214 is divided by 3549.
3499
Calculate the remainder when 415451 is divided by 603.
587
Calculate the remainder when 4918589 is divided by 474.
365
What is the remainder when 19338591 is divided by 459?
3
What is the remainder when 317163 is divided by 104394?
3981
What is the remainder when 39249 is divided by 1010?
869
Calculate the remainder when 10749416 is divided by 14.
6
What is the remainder when 7603829 is divided by 291?
290
What is the remainder when 13168853 is divided by 689?
685
Calculate the remainder when 2842946 is divided by 2842944.
2
Calculate the remainder when 963625 is divided by 16058.
145
Calculate the remainder when 27813307 is divided by 872.
867
What is the remainder when 3045821 is divided by 6293?
9
Calculate the remainder when 305560 is divided by 1095.
55
What is the remainder when 107890 is divided by 324?
322
What is the remainder when 546080 is divided by 20?
0
Calculate the remainder when 4865851 is divided by 6540.
91
Calculate the remainder when 10639140 is divided by 1519875.
15
Calculate the remainder when 1460136 is divided by 182509.
64
What is the remainder when 222428 is divided by 84?
80
What is the remainder when 2961580 is divided by 102122?
42
Calculate the remainder when 1879 is divided by 1566.
313
Calculate the remainder when 1451906 is divided by 1460.
666
Calculate the remainder when 1663946 is divided by 92438.
62
Calculate the remainder when 242254471 is divided by 128.
7
What is the remainder when 1055473715 is divided by 490?
485
Calculate the remainder when 1960421 is divided by 1062.
1031
Calculate the remainder when 1072662 is divided by 536272.
118
What is the remainder when 450991 is divided by 2174?
973
What is the remainder when 1327995 is divided by 800?
795
What is the remainder when 1719184 is divided by 13?
12
What is the remainder when 62133357 is divided by 610?
587
Calculate the remainder when 22206295 is divided by 4635.
10
Calculate the remainder when 587485 is divided by 1312.
1021
Calculate the remainder when 28727602 is divided by 981.
979
What is the remainder when 8099151 is divided by 1162?
11
What is the remainder when 748455 is divided by 267?
54
Calculate the remainder when 646762 is divided by 631.
618
What is the remainder when 6660458 is divided by 58425?
8
What is the remainder when 46049 is divided by 533?
211
Calculate the remainder when 17166 is divided by 1845.
561
Calculate the remainder when 23598687 is divided by 4388.
23
Calculate the remainder when 9555 is divided by 2403.
2346
What is the remainder when 1317487 is divided by 385?
17
Calculate the remainder when 5997905 is divided by 5202.
5201
Calculate the remainder when 98696968 is divided by 59.
57
Calculate the remainder when 4301858 is divided by 1785.
8
What is the remainder when 2092636 is divided by 82?
78
Calculate the remainder when 7712859 is divided by 61.
19
Calculate the remainder when 23695 is divided by 1747.
984
Calculate the remainder when 154398815 is divided by 9.
8
Calculate the remainder when 9362825 is divided by 415.
10
What is the remainder when 448773 is divided by 40754?
479
Calculate the remainder when 25053 is divided by 4401.
3048
What is the remainder when 397034 is divided by 519?
518
What is the remainder when 95301560 is divided by 63?
11
What is the remainder when 6358 is divided by 1217?
273
What is the remainder when 161318 is divided by 4013?
798
Calculate the remainder when 1811417 is divided by 695.
247
What is the remainder when 1570611 is divided by 36?
3
What is the remainder when 485791302 is divided by 26?
22
Calculate the remainder when 524022 is divided by 1282.
966
Calculate the remainder when 2020521 is divided by 59425.
71
What is the remainder when 2743262 is divided by 101?
1
Calculate the remainder when 22038706 is divided by 8858.
2
Calculate the remainder when 136688 is divided by 27265.
363
Calculate the remainder when 1505346 is divided by 100.
46
Calculate the remainder when 469441 is divided by 117.
37
What is the remainder when 950413 is divided by 38016?
13
Calculate the remainder when 67273 is divided by 390.
193
Calculate the remainder when 8452 is divided by 4047.
358
What is the remainder when 3132366 is divided by 12?
6
What is the remainder when 4037 is divided by 1021?
974
Calculate the remainder when 724707772 is divided by 89.
85
What is the remainder when 4735314 is divided by 29051?
1
What is the remainder when 9311475 is divided by 4870?
35
Calculate the remainder when 646319 is divided by 322802.
715
What is the remainder when 7153872 is divided by 322?
320
What is the remainder when 204690 is divided by 330?
90
Calculate the remainder when 2052402 is divided by 20524.
2
Calculate the remainder when 1148388 is divided by 382633.
489
Calculate the remainder when 142350555 is divided by 148.
11
Calculate the remainder when 371769 is divided by 801.
105
What is the remainder when 194416 is divided by 824?
776
Calculate the remainder when 17130409 is divided by 2468.
21
What is the remainder when 2487241 is divided by 2387?
2374
Calculate the remainder when 536695 is divided by 536664.
31
Calculate the remainder when 862666 is divided by 638.
90
Calculate the remainder when 1245893 is divided by 883.
863
Calculate the remainder when 433346 is divided by 2421.
2408
What is the remainder when 544488 is divided by 3191?
2018
What is the remainder when 109368 is divided by 54662?
44
What is the remainder when 566069 is divided by 40433?
7
What is the remainder when 248851 is divided by 124267?
317
What is the remainder when 550555 is divided by 1879?
8
Calculate the remainder when 634757 is divided by 27.
14
Calculate the remainder when 4753482 is divided by 99027.
186
What is the remainder when 73150279 is divided by 28?
27
Calculate the remainder when 60219 is divided by 140.
19
What is the remainder when 1225695 is divided by 3648?
3615
What is the remainder when 125636551 is divided by 63?
61
Calculate the remainder when 2635302 is divided by 3566.
28
Calculate the remainder when 132104012 is divided by 22.
18
Calculate the remainder when 4361059 is divided by 251.
185
Calculate the remainder when 25798 is divided by 25199.
599
Calculate the remainder when 1016499 is divided by 1383.
1377
Calculate the remainder when 12551441 is divided by 515.
376
What is the remainder when 3217486 is divided by 1729?
1546
What is the remainder when 2351124 is divided by 391854?
0
What is the remainder when 21620654 is divided by 90086?
14
Calculate the remainder when 23198489 is divided by 805.
804
What is the remainder when 1032695 is divided by 22?
15
What is the remainder when 2168386 is divided by 1984?
1858
What is the remainder when 119965401 is divided by 39?
36
Calculate the remainder when 8534720 is divided by 8534681.
39
What is the remainder when 766967452 is divided by 27?
25
What is the remainder when 251771588 is divided by 163?
158
What is the remainder when 8047681 is divided by 277504?
65
Calculate the remainder when 3744599 is divided by 1248190.
29
Calculate the remainder when 5081368 is divided by 6904.
24
What is the remainder when 21174 is divided by 2980?
314
What is the remainder when 1444800 is divided by 3743?
2
Calculate the remainder when 712959 is divided by 8290.
19
What is the remainder when 3025280 is divided by 1512574?
132
Calculate the remainder when 10564747 is divided by 251540.
67
What is the remainder when 243906 is divided by 121488?
930
Calculate the remainder when 61652752 is divided by 12330549.
7
Calculate the remainder when 438924 is divided by 1065.
144
What is the remainder when 557704 is divided by 36?
28
Calculate the remainder when 4055833 is divided by 7937.
26
What is the remainder when 61234 is divided by 20332?
238
Calculate the remainder when 872674 is divided by 98.
82
Calculate the remainder when 70007528 is divided by 325.
253
Calculate the remainder when 378564 is divided by 96.
36
What is the remainder when 232971 is divided by 185?
56
Calculate the remainder when 7529427 is divided by 418289.
225
Calculate the remainder when 29711 is divided by 1673.
1270
What is the remainder when 987828 is divided by 51988?
56
Calculate the remainder when 308561 is divided by 